et s be i(0). Suppose -5*u + u = -s. Let d = 31 - u. Calculate the remainder when d is divided by 6.
2
Calculate the remainder when 90/135*246/4 is divided by 21.
20
Suppose -30 = -0*l - 5*l. Suppose l*a - 4*a = 386. Calculate the remainder when a is divided by 49.
46
Let a = 4 - -8. Calculate the remainder when 105 is divided by a.
9
Suppose -5*l = -4*b - 3, -b + 8 = 2*l - 1. Suppose 3*k - 35 = -2*x + b*x, 2*x = -10. Calculate the remainder when 57 is divided by k.
7
Let n = 35 + -29. Let t = 1 + -9. Let p = 11 + t. Calculate the remainder when n is divided by p.
0
Suppose 25 - 79 = -q. What is the remainder when q is divided by 20?
14
Let m be (174/(-4))/((-9)/6). Suppose m = -3*o + 110. Calculate the remainder when o is divided by 7.
6
Let i = 281 - 259. Calculate the remainder when 371 is divided by i.
19
Let g = 212 + -39. What is the remainder when g is divided by 87?
86
Let c(g) = 3*g**3 + 3*g**2 - 25*g + 53. Calculate the remainder when c(5) is divided by 55.
48
Suppose 5*p = -3*t - 640, 3*p + 398 = 4*t - 3*t. Let c = 153 + p. Let n(w) = 86*w**3 + w**2 - w + 1. Calculate the remainder when n(1) is divided by c.
21
Let w(t) = 4*t**2 - 3*t + 1 + 2*t**3 + 5*t**3 - 4*t**3. What is the remainder when w(2) is divided by 12?
11
Let u be 0 + (2 - 0/(-2)). Suppose -3*d + 63 = -u*d. Let j(q) = 13*q**2 + 89*q + 19. Calculate the remainder when d is divided by j(-7).
30
Let a(w) = -6*w + 3. Suppose -3*m - 41 = 5*z, 4*z = -3*m + 20 - 57. Let f be a(m). Suppose 3*v - f - 48 = 0. Calculate the remainder when 90 is divided by v.
28
Let o = 26 - -65. Let t = -74 + o. What is the remainder when t is divided by 4?
1
Calculate the remainder when ((-590)/177)/(4/(-90)) is divided by 14.
5
Calculate the remainder when (60/(-25))/(6/(-40)) is divided by 9.
7
Suppose 0 = -z + 5*v + 9, -3*z + 24 + 31 = -v. Let a = 30 - -45. Calculate the remainder when a is divided by z.
18
Let a = 8 - 18. Let p = -10 - a. Calculate the remainder when 31 is divided by (p/1)/3 - -16.
15
Let n be (-1)/(5*(-5)/(-400)). What is the remainder when 53 is divided by 15/(4*(3 + 44/n))?
8
Suppose l + l - 28 = 0. Let m = -1590 + 1670. Calculate the remainder when m is divided by l.
10
Let i = 0 + -1. Suppose -4*m - z + 24 = 0, 0*z + 5*z + 48 = 4*m. Let f = m + i. Calculate the remainder when f is divided by 4.
2
Let h(j) = 57*j**2 - 4*j - 5. What is the remainder when 153 is divided by h(-1)?
41
Let q(g) = 13*g**3 - 2*g**2 + 15*g - 14. Calculate the remainder when 40 is divided by q(1).
4
Suppose -s - 2*t = -530, -11*t + 2105 = 4*s - 8*t. Calculate the remainder when s is divided by 15.
14
Let b(c) = c**3 + 5*c**2 - 3*c + 25. What is the remainder when 26 is divided by b(-6)?
5
Suppose -3*u + 7 = -26. Let t = -2 - -4. Suppose -t*x + 114 = x - 4*c, 5*x - 207 = c. What is the remainder when x is divided by u?
9
What is the remainder when 201 is divided by ((-54)/(-27))/((-2)/(-106 + 2))?
97
Let z = -259 + 270. What is the remainder when 130 is divided by z?
9
Let p(k) = -4*k**3 + k**2 + k + 2. Let y be p(-3). Let l(m) = 5*m - 17. Let g be l(-8). Let w = y + g. Calculate the remainder when w is divided by 20.
19
Calculate the remainder when 0/2 + 52 + -1 is divided by -1*65/5*(-4 + 2).
25
Suppose 4*k = -8, 21*o - 17*o - 4*k = 276. Calculate the remainder when 267 is divided by o.
66
Let c = 10 - 0. Suppose 10 = 2*n - 116. Suppose -5*k + 56 = 3*f - n, -3*f = 6. What is the remainder when k is divided by c?
5
Let y(j) = -8*j + 1. Let z be y(1). Let a(m) = -87*m**2 - m + 88*m**2 - 2 + m - 9 + 4*m. Calculate the remainder when 28 is divided by a(z).
8
What is the remainder when 173 is divided by (-2)/(-9) - 1598/(-18)?
84
Suppose 1 = 2*y - 27. Let l = 178 - 113. Let r = l - 12. Calculate the remainder when r is divided by y.
11
Let j = 106 - 105. What is the remainder when 18 is divided by (j/(-2))/((-2)/20)?
3
Suppose 3*f - f - k - 256 = 0, -2*k + 391 = 3*f. Let u(a) = -a**3 + a**2 - 2*a - 30. Calculate the remainder when f is divided by u(-3).
9
Let r be (3 - 1)/(6/(-21)). Let h(u) = -3*u + 7. Calculate the remainder when (-17 - -21)*((1 - 2) + (-113)/(-4)) is divided by h(r).
25
Let q(a) = -4*a - 16. Let d be q(-5). Suppose 0 = -v + 21 - d. What is the remainder when 49 is divided by v?
15
Suppose -5*r = -q + 105, -260*r - 398 = -4*q - 262*r. What is the remainder when q is divided by 52?
48
Let o(v) = -v + 8. Let f be o(7). Suppose -f = -0*z - z. Calculate the remainder when 55 - (2 - z - 1) is divided by 19.
17
Let s = 5 + -1. Let l(c) = -2*c**2 + 4*c**2 + 1 + 1 - c**2. What is the remainder when l(s) is divided by 10?
8
Suppose v = 4*i - 5*i + 34, -5*v = 2*i - 158. Calculate the remainder when 114 is divided by v.
24
Let m = -741 - -747. What is the remainder when 94 is divided by m?
4
Suppose 30 = 2*l - 0*l. What is the remainder when 1*-2 + 18 + l is divided by 11?
9
Suppose -u = 2*f + u - 20, -3*f = -5*u - 22. Suppose -3*a = -2*w - 19, 0*w - 2*w = 3*a + 1. What is the remainder when f is divided by a?
0
Let o(f) = -10*f - 117. What is the remainder when 77 is divided by o(-13)?
12
Let m = -21 + 23. Calculate the remainder when ((-24)/10 + m/5)*-2 is divided by 2.
0
Let q(y) = -2*y + 4. What is the remainder when q(-6) is divided by ((-282)/(-188))/((-2)/(-12))?
7
Suppose -3*g = 2*g - 115. Let k = 1508 + -1442. What is the remainder when k is divided by g?
20
Suppose 0 = 4*x - 13*x + 612. Calculate the remainder when 1426 is divided by x.
66
Let h be -1 - (-4 - 1) - (-1 + -179). Suppose -40*z + 44*z - h = 0. Calculate the remainder when z is divided by 10.
6
Let j = 20 + -16. Suppose w = j*w - 294. Calculate the remainder when w is divided by 25.
23
Let k(y) = -y**3 + 6*y**2 + 5*y + 19. Calculate the remainder when 338 is divided by k(0).
15
Let l(v) = 27 - 30 - 299*v - 196*v. Let a be l(-1). Suppose -24*x + 20*x + a = 0. Calculate the remainder when x is divided by 31.
30
Let i be 3/9 - (-32)/12. Suppose 2*m = i*m + 1, -2*d - 3*m = -585. Suppose d = 5*z - 106. Calculate the remainder when z is divided by 21.
17
Suppose -91 = -3*v - s, 5*s + 2 = 22. Let j(m) = 2*m**3 - 17*m**2 - 6*m - 10. What is the remainder when v is divided by j(9)?
12
Let w = 16 + -12. Suppose -65 = -3*i + 2*t, -w*t = -5*i + 85 + 22. What is the remainder when 1 + 11/(-13) - (-4410)/65 is divided by i?
22
Suppose -5*j = -4*n - 370, -3*j + 60 = -2*j + 2*n. Let z(v) = 8*v - 8. Calculate the remainder when j is divided by z(4).
22
Suppose -4*h + 139 - 39 = 0. What is the remainder when 240 is divided by h?
15
Let w = -26 + -33. Let d = w + 66. Let l(k) = 2*k**2 + k - 1. Calculate the remainder when l(3) is divided by d.
6
Let w(s) = s**3 + 9*s**2 - s - 6. Let k be w(-9). Suppose k*d - 6*d + 12 = 0. Suppose d*g = 2*g + 116. What is the remainder when g is divided by 20?
18
Let t(a) = -3*a - 9. What is the remainder when (-6)/(108/(-454)) + (-2)/9 is divided by t(-6)?
7
Suppose 0*y = 3*y - 189. Suppose 0*u = -3*u + y. Suppose h - u = -3*c, h - 25 = 3*c - 7*c. What is the remainder when 24 is divided by h?
6
Suppose -45 - 99 = -8*y. Calculate the remainder when 5/(90/976) + (-4)/y is divided by 14.
12
Suppose 9*m + 18 = -171. Let n = m - -39. Calculate the remainder when n is divided by 5.
3
Let m = 38087 - 38076. Let a(w) = w**3 + 7*w**2 + 5*w + 4. Let b be a(-6). Let v = b + -7. Calculate the remainder when m is divided by v.
2
Let f(v) = -v**3 - v**2 - v + 29. Suppose 7*g = -g + 656. What is the remainder when g is divided by f(0)?
24
Let u be (-3)/(-1)*(-3 - -4). What is the remainder when -4*(10/u)/(16/(-30)) is divided by 10?
5
Let j be 0 - (0 - (-3 - -6)). Suppose 7 = i + j. Suppose i*w - 3*w = 13. Calculate the remainder when 36 is divided by w.
10
Let v(i) = -i**3 + 3*i**2 + 14*i - 25. Suppose 102 = 2*m - 12. What is the remainder when m is divided by v(4)?
12
Let j = 25 - 21. Suppose 8*b + 201 = j*f + 3*b, -3*f - 2*b = -145. What is the remainder when f is divided by 13?
10
Let m be (-6 + -38)*(-1 + -1). Calculate the remainder when (m/20)/(2/10) is divided by 6.
4
Let m(d) = -8*d - 41 + 4*d + 6*d + d. What is the remainder when (2 + -1)/((-1)/(-73)) is divided by m(20)?
16
Suppose 30*z + 980 = 37*z. What is the remainder when z is divided by 51?
38
Let z = 315 + -265. Let i = -27 - -44. Calculate the rem